{"id":35629,"date":"2024-07-09T15:13:51","date_gmt":"2024-07-09T22:13:51","guid":{"rendered":"https:\/\/inside.ewu.edu\/mcnair\/?page_id=35629"},"modified":"2024-07-16T09:07:55","modified_gmt":"2024-07-16T16:07:55","slug":"maria-rivera-diaz","status":"publish","type":"page","link":"https:\/\/inside.ewu.edu\/mcnair\/cohorts-2\/2017-2018-cohort\/maria-rivera-diaz\/","title":{"rendered":"Maria Rivera Diaz"},"content":{"rendered":"<div class=\"gb-container gb-container-80604355\">\n\n<h1 class=\"gb-headline gb-headline-50761ee3 gb-headline-text\">Maria Rivera Diaz<\/h1>\n\n\n<div class=\"gb-container gb-container-9de6f9d4\">\n<div class=\"gb-container gb-container-24b21e13\">\n<div class=\"gb-container gb-container-afec1bb3\">\n<div class=\"gb-container gb-container-8af792a6\">\n\n<figure class=\"wp-block-image size-full\"><img loading=\"lazy\" decoding=\"async\" width=\"720\" height=\"988\" src=\"https:\/\/in.ewu.edu\/mcnair\/wp-content\/uploads\/sites\/131\/2018\/11\/Maria-e1543425109595.jpeg\" alt=\"Maria\" class=\"wp-image-2049\" style=\"object-fit:cover\" srcset=\"https:\/\/inside.ewu.edu\/mcnair\/wp-content\/uploads\/sites\/131\/2018\/11\/Maria-e1543425109595.jpeg 720w, https:\/\/inside.ewu.edu\/mcnair\/wp-content\/uploads\/sites\/131\/2018\/11\/Maria-e1543425109595-219x300.jpeg 219w\" sizes=\"(max-width: 720px) 100vw, 720px\" \/><\/figure>\n\n<\/div>\n<\/div>\n\n<div class=\"gb-container gb-container-37dc886d\">\n\n<p><strong>Maria Rivera Diaz<\/strong>&nbsp;graduated from Eastern Washington University in 2020 with a bachelor&#8217;s degree in Applied Developmental Psychology and Public Health with a minor in Chicano Studies. She is interested in helping her community in the Yakima Valley to improve health care services. She worked with Dr. Mart\u00edn Mer\u00e1z Garc\u00eda for her summer research project. Maria&#8217;s goal is to pursue an academic career in Public Health.<\/p>\n\n\n\n<p>She was accepted into Public Health Master&#8217;s programs at the University of Michigan, Baylor University, and Oregon State University where she began attending in Fall 2020 with funding.<\/p>\n\n<\/div>\n<\/div>\n\n<div class=\"gb-container gb-container-ed5d2cfc\">\n\n<hr class=\"wp-block-separator has-alpha-channel-opacity\"\/>\n\n\n\n<p><strong>McNair Faculty Research Mentor 2018:&nbsp;<\/strong><a href=\"https:\/\/inside.ewu.edu\/chst-content\/\">Dr. Mart\u00edn Mer\u00e1z Garc\u00eda<\/a>&nbsp;&#8211; Chicano Studies<\/p>\n\n\n\n<p><strong>Abstract:&nbsp;<\/strong>Agricultural workers continuously are disregarded and forgotten although they are the backbone of the nation\u2019s crops industry. Analyzing the tremendous amount of contributions that agricultural workers create does not equal in representation what they are given in return. Health care access, education, and advocacy are not given to this population. Across the state of Washington this farm workers experience inadequate health care access and availability. It is ethical that action is taken within this field to given all humans equal access to health care. Currently there is lack of epidemiologic and demographic data that is necessary to help build a curriculum that will help meet the needs of farm workers. Working with the Yakima Union Gospel Mission Medical Care Center data was collected to evaluate that overall health knowledge and access in the Yakima Valley by interviewing 200 participates. Utilizing the ecological framework and the Health Belief Model we addressed issues incorporated with barriers in accessing health care, the knowledge of health care locations that serve this population, health care insurance coverage or the cost of health care out of pocket as well as to the factors that make this population vulnerable and distinctive.<\/p>\n\n\n\n<hr class=\"wp-block-separator has-alpha-channel-opacity\"\/>\n\n<\/div>\n\n<div class=\"gb-container gb-container-434b6603\">\n\n<div class=\"wp-block-group is-layout-constrained wp-block-group-is-layout-constrained\">\n<div class=\"gb-grid-wrapper gb-grid-wrapper-608941cc gb-query-loop-wrapper\"><\/div>\n<\/div>\n\n<\/div>\n<\/div>\n<\/div>","protected":false},"excerpt":{"rendered":"<p>Maria Rivera Diaz Maria Rivera Diaz&nbsp;graduated from Eastern Washington University in 2020 with a bachelor&#8217;s degree in Applied Developmental Psychology and Public Health with a minor in Chicano Studies. She is interested in helping her community in the Yakima Valley to improve health care services. She worked with Dr. Mart\u00edn Mer\u00e1z Garc\u00eda for her summer &#8230; <a title=\"Maria Rivera Diaz\" class=\"read-more\" href=\"https:\/\/inside.ewu.edu\/mcnair\/cohorts-2\/2017-2018-cohort\/maria-rivera-diaz\/\" aria-label=\"Read more about Maria Rivera Diaz\">Read more<\/a><\/p>\n","protected":false},"author":9086,"featured_media":0,"parent":35609,"menu_order":0,"comment_status":"closed","ping_status":"closed","template":"","meta":{"wpo365_audiences":[],"wpo365_private":false,"footnotes":""},"class_list":["post-35629","page","type-page","status-publish"],"_links":{"self":[{"href":"https:\/\/inside.ewu.edu\/mcnair\/wp-json\/wp\/v2\/pages\/35629"}],"collection":[{"href":"https:\/\/inside.ewu.edu\/mcnair\/wp-json\/wp\/v2\/pages"}],"about":[{"href":"https:\/\/inside.ewu.edu\/mcnair\/wp-json\/wp\/v2\/types\/page"}],"author":[{"embeddable":true,"href":"https:\/\/inside.ewu.edu\/mcnair\/wp-json\/wp\/v2\/users\/9086"}],"replies":[{"embeddable":true,"href":"https:\/\/inside.ewu.edu\/mcnair\/wp-json\/wp\/v2\/comments?post=35629"}],"version-history":[{"count":2,"href":"https:\/\/inside.ewu.edu\/mcnair\/wp-json\/wp\/v2\/pages\/35629\/revisions"}],"predecessor-version":[{"id":36238,"href":"https:\/\/inside.ewu.edu\/mcnair\/wp-json\/wp\/v2\/pages\/35629\/revisions\/36238"}],"up":[{"embeddable":true,"href":"https:\/\/inside.ewu.edu\/mcnair\/wp-json\/wp\/v2\/pages\/35609"}],"wp:attachment":[{"href":"https:\/\/inside.ewu.edu\/mcnair\/wp-json\/wp\/v2\/media?parent=35629"}],"curies":[{"name":"wp","href":"https:\/\/api.w.org\/{rel}","templated":true}]}}